{"id":211,"date":"2026-01-07T18:16:27","date_gmt":"2026-01-07T17:16:27","guid":{"rendered":"https:\/\/ryelandt-j-b.be\/?page_id=211"},"modified":"2026-01-24T14:10:27","modified_gmt":"2026-01-24T13:10:27","slug":"la-pratique-artistique-collective","status":"publish","type":"page","link":"https:\/\/ryelandt-j-b.be\/index.php\/la-pratique-artistique-collective\/","title":{"rendered":"La pratique artistique collective"},"content":{"rendered":"\t\t<div data-elementor-type=\"wp-page\" data-elementor-id=\"211\" class=\"elementor elementor-211\">\n\t\t\t\t<div class=\"elementor-element elementor-element-420fe05 e-flex e-con-boxed e-con e-parent\" data-id=\"420fe05\" data-element_type=\"container\">\n\t\t\t\t\t<div class=\"e-con-inner\">\n\t\t\t\t<div class=\"elementor-element elementor-element-742d244 elementor-widget-divider--view-line elementor-widget elementor-widget-divider\" data-id=\"742d244\" data-element_type=\"widget\" data-widget_type=\"divider.default\">\n\t\t\t\t\t\t\t<div class=\"elementor-divider\">\n\t\t\t<span class=\"elementor-divider-separator\">\n\t\t\t\t\t\t<\/span>\n\t\t<\/div>\n\t\t\t\t\t\t<\/div>\n\t\t\t\t\t<\/div>\n\t\t\t\t<\/div>\n\t\t<div class=\"elementor-element elementor-element-6668c40 e-flex e-con-boxed e-con e-parent\" data-id=\"6668c40\" data-element_type=\"container\">\n\t\t\t\t\t<div class=\"e-con-inner\">\n\t\t\t\t<div class=\"elementor-element elementor-element-6f73722 elementor-widget elementor-widget-image\" data-id=\"6f73722\" data-element_type=\"widget\" data-widget_type=\"image.default\">\n\t\t\t\t\t\t\t\t\t\t\t\t<figure class=\"wp-caption\">\n\t\t\t\t\t\t\t\t\t\t<img fetchpriority=\"high\" decoding=\"async\" width=\"800\" height=\"502\" src=\"https:\/\/ryelandt-j-b.be\/wp-content\/uploads\/2026\/01\/1-ECHELLE-WEB-1024x685-1.jpg\" class=\"attachment-large size-large wp-image-213\" alt=\"Notre ADN, l&#039;\u00e9chelle des \u00e9v\u00e9nements qui marquent notre vie au jour le jour\" srcset=\"https:\/\/ryelandt-j-b.be\/wp-content\/uploads\/2026\/01\/1-ECHELLE-WEB-1024x685-1.jpg 1000w, https:\/\/ryelandt-j-b.be\/wp-content\/uploads\/2026\/01\/1-ECHELLE-WEB-1024x685-1-300x188.jpg 300w, https:\/\/ryelandt-j-b.be\/wp-content\/uploads\/2026\/01\/1-ECHELLE-WEB-1024x685-1-768x482.jpg 768w\" sizes=\"(max-width: 800px) 100vw, 800px\" \/>\t\t\t\t\t\t\t\t\t\t\t<figcaption class=\"widget-image-caption wp-caption-text\">Notre ADN, l'\u00e9chelle des \u00e9v\u00e9nements de nos vies<\/figcaption>\n\t\t\t\t\t\t\t\t\t\t<\/figure>\n\t\t\t\t\t\t\t\t\t<\/div>\n\t\t\t\t\t<\/div>\n\t\t\t\t<\/div>\n\t\t<div class=\"elementor-element elementor-element-9ef6ac0 e-flex e-con-boxed e-con e-parent\" data-id=\"9ef6ac0\" data-element_type=\"container\">\n\t\t\t\t\t<div class=\"e-con-inner\">\n\t\t<div class=\"elementor-element elementor-element-f7944cc e-con-full e-flex e-con e-child\" data-id=\"f7944cc\" data-element_type=\"container\">\n\t\t\t\t<div class=\"elementor-element elementor-element-f343d5f elementor-widget elementor-widget-image\" data-id=\"f343d5f\" data-element_type=\"widget\" data-widget_type=\"image.default\">\n\t\t\t\t\t\t\t\t\t\t\t\t<figure class=\"wp-caption\">\n\t\t\t\t\t\t\t\t\t\t<img decoding=\"async\" width=\"800\" height=\"535\" src=\"https:\/\/ryelandt-j-b.be\/wp-content\/uploads\/2026\/01\/10-monde-sens-d-d-WEB-1024x685-1.jpg\" class=\"attachment-large size-large wp-image-215\" alt=\"Le monde du dessus et le monde du dessous, les deux faces des plexi pos\u00e9 horizontalement\" srcset=\"https:\/\/ryelandt-j-b.be\/wp-content\/uploads\/2026\/01\/10-monde-sens-d-d-WEB-1024x685-1.jpg 1024w, https:\/\/ryelandt-j-b.be\/wp-content\/uploads\/2026\/01\/10-monde-sens-d-d-WEB-1024x685-1-300x201.jpg 300w, https:\/\/ryelandt-j-b.be\/wp-content\/uploads\/2026\/01\/10-monde-sens-d-d-WEB-1024x685-1-768x514.jpg 768w\" sizes=\"(max-width: 800px) 100vw, 800px\" \/>\t\t\t\t\t\t\t\t\t\t\t<figcaption class=\"widget-image-caption wp-caption-text\">Le monde du dessus et le monde du dessous<\/figcaption>\n\t\t\t\t\t\t\t\t\t\t<\/figure>\n\t\t\t\t\t\t\t\t\t<\/div>\n\t\t\t\t<\/div>\n\t\t<div class=\"elementor-element elementor-element-43aecb5 e-con-full e-flex e-con e-child\" data-id=\"43aecb5\" data-element_type=\"container\">\n\t\t\t\t<div class=\"elementor-element elementor-element-c9854b5 elementor-widget__width-initial elementor-widget elementor-widget-image\" data-id=\"c9854b5\" data-element_type=\"widget\" data-widget_type=\"image.default\">\n\t\t\t\t\t\t\t\t\t\t\t\t\t\t\t<img decoding=\"async\" width=\"685\" height=\"1024\" src=\"https:\/\/ryelandt-j-b.be\/wp-content\/uploads\/2026\/01\/appel-WEB-685x1024-1.jpg\" class=\"attachment-large size-large wp-image-216\" alt=\"L&#039;appel, un personnage en chardon, bras lev\u00e9s\" srcset=\"https:\/\/ryelandt-j-b.be\/wp-content\/uploads\/2026\/01\/appel-WEB-685x1024-1.jpg 685w, https:\/\/ryelandt-j-b.be\/wp-content\/uploads\/2026\/01\/appel-WEB-685x1024-1-201x300.jpg 201w\" sizes=\"(max-width: 685px) 100vw, 685px\" \/>\t\t\t\t\t\t\t\t\t\t\t\t\t\t\t<\/div>\n\t\t\t\t<\/div>\n\t\t<div class=\"elementor-element elementor-element-3089a46 e-con-full e-flex e-con e-child\" data-id=\"3089a46\" data-element_type=\"container\">\n\t\t\t\t<div class=\"elementor-element elementor-element-1de75c9 elementor-widget elementor-widget-text-editor\" data-id=\"1de75c9\" data-element_type=\"widget\" data-widget_type=\"text-editor.default\">\n\t\t\t\t\t\t\t\t\t<p>Expo <em>Bazar en suspens<\/em><br \/>au Centre Culturel de Namur.<\/p><p>Avec 140 artistes amateurs du collectif PAS \u00e0 PART qui rassemble les Centres d&rsquo;Expression et de Cr\u00e9ativit\u00e9 Terre Franche et Lutte Solidarit\u00e9 Travail (LST) Namur ainsi\u00a0 les ateliers artistiques de l&rsquo;H\u00f4pital du Beau Vallon et du SRJ Reumonjoie.\u00a0<\/p>\t\t\t\t\t\t\t\t<\/div>\n\t\t\t\t<div class=\"elementor-element elementor-element-58494b6 elementor-widget elementor-widget-image\" data-id=\"58494b6\" data-element_type=\"widget\" data-widget_type=\"image.default\">\n\t\t\t\t\t\t\t\t\t\t\t\t<figure class=\"wp-caption\">\n\t\t\t\t\t\t\t\t\t\t\t<a href=\"https:\/\/terre-franche.be\/site2022\/index.php\/collectif-pas-a-part\/\" target=\"_blank\">\n\t\t\t\t\t\t\t<img loading=\"lazy\" decoding=\"async\" width=\"150\" height=\"150\" src=\"https:\/\/ryelandt-j-b.be\/wp-content\/uploads\/2026\/01\/LOGO-PAS-A-PART-550x550-1-1-150x150.jpg\" class=\"attachment-thumbnail size-thumbnail wp-image-236\" alt=\"logo du collectif &quot;Pas \u00e0 Part&quot;, repr\u00e9sentant des traces de pieds et lien vers une page sur le site de Terre Franche\" srcset=\"https:\/\/ryelandt-j-b.be\/wp-content\/uploads\/2026\/01\/LOGO-PAS-A-PART-550x550-1-1-150x150.jpg 150w, https:\/\/ryelandt-j-b.be\/wp-content\/uploads\/2026\/01\/LOGO-PAS-A-PART-550x550-1-1-300x300.jpg 300w, https:\/\/ryelandt-j-b.be\/wp-content\/uploads\/2026\/01\/LOGO-PAS-A-PART-550x550-1-1.jpg 550w\" sizes=\"(max-width: 150px) 100vw, 150px\" \/>\t\t\t\t\t\t\t\t<\/a>\n\t\t\t\t\t\t\t\t\t\t\t<figcaption class=\"widget-image-caption wp-caption-text\">Vers page du collectif \/ site de Terre Franche<\/figcaption>\n\t\t\t\t\t\t\t\t\t\t<\/figure>\n\t\t\t\t\t\t\t\t\t<\/div>\n\t\t\t\t<\/div>\n\t\t<div class=\"elementor-element elementor-element-413bd1f e-con-full e-flex e-con e-child\" data-id=\"413bd1f\" data-element_type=\"container\">\n\t\t\t\t<div class=\"elementor-element elementor-element-7737368 elementor-widget elementor-widget-image\" data-id=\"7737368\" data-element_type=\"widget\" data-widget_type=\"image.default\">\n\t\t\t\t\t\t\t\t\t\t\t\t<figure class=\"wp-caption\">\n\t\t\t\t\t\t\t\t\t\t<img loading=\"lazy\" decoding=\"async\" width=\"800\" height=\"535\" src=\"https:\/\/ryelandt-j-b.be\/wp-content\/uploads\/2026\/01\/demenagements-WEB-1024x685-1.jpg\" class=\"attachment-large size-large wp-image-218\" alt=\"Carton explos\u00e9, dont sortent d&#039;autres cartons d\u00e9chiquet\u00e9s\" srcset=\"https:\/\/ryelandt-j-b.be\/wp-content\/uploads\/2026\/01\/demenagements-WEB-1024x685-1.jpg 1024w, https:\/\/ryelandt-j-b.be\/wp-content\/uploads\/2026\/01\/demenagements-WEB-1024x685-1-300x201.jpg 300w, https:\/\/ryelandt-j-b.be\/wp-content\/uploads\/2026\/01\/demenagements-WEB-1024x685-1-768x514.jpg 768w\" sizes=\"(max-width: 800px) 100vw, 800px\" \/>\t\t\t\t\t\t\t\t\t\t\t<figcaption class=\"widget-image-caption wp-caption-text\">Et vous, combien de fois avez-vous d\u00fb d\u00e9m\u00e9nager ?<\/figcaption>\n\t\t\t\t\t\t\t\t\t\t<\/figure>\n\t\t\t\t\t\t\t\t\t<\/div>\n\t\t\t\t<\/div>\n\t\t\t\t\t<\/div>\n\t\t\t\t<\/div>\n\t\t<div class=\"elementor-element elementor-element-f7fe5fd e-flex e-con-boxed e-con e-parent\" data-id=\"f7fe5fd\" data-element_type=\"container\">\n\t\t\t\t\t<div class=\"e-con-inner\">\n\t\t\t\t\t<\/div>\n\t\t\t\t<\/div>\n\t\t<div class=\"elementor-element elementor-element-7853e49 e-flex e-con-boxed e-con e-parent\" data-id=\"7853e49\" data-element_type=\"container\">\n\t\t\t\t\t<div class=\"e-con-inner\">\n\t\t<div class=\"elementor-element elementor-element-a369f51 e-con-full e-flex e-con e-child\" data-id=\"a369f51\" data-element_type=\"container\">\n\t\t\t\t<div class=\"elementor-element elementor-element-df49ea0 elementor-widget elementor-widget-image\" data-id=\"df49ea0\" data-element_type=\"widget\" data-widget_type=\"image.default\">\n\t\t\t\t\t\t\t\t\t\t\t\t\t\t\t<img loading=\"lazy\" decoding=\"async\" width=\"685\" height=\"1024\" src=\"https:\/\/ryelandt-j-b.be\/wp-content\/uploads\/2026\/01\/les-ados2-WEB-685x1024-1.jpg\" class=\"attachment-large size-large wp-image-217\" alt=\"Objets \u00e9pars de la vie des ados, textiel, papier, \u00e9critures\" srcset=\"https:\/\/ryelandt-j-b.be\/wp-content\/uploads\/2026\/01\/les-ados2-WEB-685x1024-1.jpg 685w, https:\/\/ryelandt-j-b.be\/wp-content\/uploads\/2026\/01\/les-ados2-WEB-685x1024-1-201x300.jpg 201w\" sizes=\"(max-width: 685px) 100vw, 685px\" \/>\t\t\t\t\t\t\t\t\t\t\t\t\t\t\t<\/div>\n\t\t\t\t<\/div>\n\t\t<div class=\"elementor-element elementor-element-98be924 e-con-full e-flex e-con e-child\" data-id=\"98be924\" data-element_type=\"container\">\n\t\t\t\t<div class=\"elementor-element elementor-element-b8d69eb elementor-widget elementor-widget-image\" data-id=\"b8d69eb\" data-element_type=\"widget\" data-widget_type=\"image.default\">\n\t\t\t\t\t\t\t\t\t\t\t\t<figure class=\"wp-caption\">\n\t\t\t\t\t\t\t\t\t\t<img loading=\"lazy\" decoding=\"async\" width=\"800\" height=\"535\" src=\"https:\/\/ryelandt-j-b.be\/wp-content\/uploads\/2026\/01\/9-loterie-detail-WEB-1024x685-1.jpg\" class=\"attachment-large size-large wp-image-214\" alt=\"La mains qui frappe les t\u00eates de la loterie de la vie\" srcset=\"https:\/\/ryelandt-j-b.be\/wp-content\/uploads\/2026\/01\/9-loterie-detail-WEB-1024x685-1.jpg 1024w, https:\/\/ryelandt-j-b.be\/wp-content\/uploads\/2026\/01\/9-loterie-detail-WEB-1024x685-1-300x201.jpg 300w, https:\/\/ryelandt-j-b.be\/wp-content\/uploads\/2026\/01\/9-loterie-detail-WEB-1024x685-1-768x514.jpg 768w\" sizes=\"(max-width: 800px) 100vw, 800px\" \/>\t\t\t\t\t\t\t\t\t\t\t<figcaption class=\"widget-image-caption wp-caption-text\">La loterie de la vie, d\u00e9tail de l'essoreuse de nos t\u00eates<\/figcaption>\n\t\t\t\t\t\t\t\t\t\t<\/figure>\n\t\t\t\t\t\t\t\t\t<\/div>\n\t\t\t\t<\/div>\n\t\t\t\t\t<\/div>\n\t\t\t\t<\/div>\n\t\t<div class=\"elementor-element elementor-element-b1580a6 e-flex e-con-boxed e-con e-parent\" data-id=\"b1580a6\" data-element_type=\"container\">\n\t\t\t\t\t<div class=\"e-con-inner\">\n\t\t\t\t<div class=\"elementor-element elementor-element-97d2366 elementor-widget-divider--view-line elementor-widget elementor-widget-divider\" data-id=\"97d2366\" data-element_type=\"widget\" data-widget_type=\"divider.default\">\n\t\t\t\t\t\t\t<div class=\"elementor-divider\">\n\t\t\t<span class=\"elementor-divider-separator\">\n\t\t\t\t\t\t<\/span>\n\t\t<\/div>\n\t\t\t\t\t\t<\/div>\n\t\t\t\t\t<\/div>\n\t\t\t\t<\/div>\n\t\t<div class=\"elementor-element elementor-element-ef01b1b e-flex e-con-boxed e-con e-parent\" data-id=\"ef01b1b\" data-element_type=\"container\">\n\t\t\t\t\t<div class=\"e-con-inner\">\n\t\t<div class=\"elementor-element elementor-element-f1450d0 e-con-full e-flex e-con e-child\" data-id=\"f1450d0\" data-element_type=\"container\">\n\t\t\t\t<div class=\"elementor-element elementor-element-bf45dd1 elementor-widget elementor-widget-image\" data-id=\"bf45dd1\" data-element_type=\"widget\" data-widget_type=\"image.default\">\n\t\t\t\t\t\t\t\t\t\t\t\t<figure class=\"wp-caption\">\n\t\t\t\t\t\t\t\t\t\t<img loading=\"lazy\" decoding=\"async\" width=\"685\" height=\"1024\" src=\"https:\/\/ryelandt-j-b.be\/wp-content\/uploads\/2026\/01\/GEANT-des-BOSCAILLES-2-1200-685x1024.jpg\" class=\"attachment-large size-large wp-image-288\" alt=\"G\u00e9ant des Boscailles : tas de patates surmont\u00e9 d&#039;un buisson-t\u00eate\" srcset=\"https:\/\/ryelandt-j-b.be\/wp-content\/uploads\/2026\/01\/GEANT-des-BOSCAILLES-2-1200-685x1024.jpg 685w, https:\/\/ryelandt-j-b.be\/wp-content\/uploads\/2026\/01\/GEANT-des-BOSCAILLES-2-1200-201x300.jpg 201w, https:\/\/ryelandt-j-b.be\/wp-content\/uploads\/2026\/01\/GEANT-des-BOSCAILLES-2-1200-768x1148.jpg 768w, https:\/\/ryelandt-j-b.be\/wp-content\/uploads\/2026\/01\/GEANT-des-BOSCAILLES-2-1200.jpg 803w\" sizes=\"(max-width: 685px) 100vw, 685px\" \/>\t\t\t\t\t\t\t\t\t\t\t<figcaption class=\"widget-image-caption wp-caption-text\">Le G\u00e9ant des Boscailles rappelle l'histoire d'une moto de l'arm\u00e9e allemande qu'un fermier du village avait cach\u00e9e sous la r\u00e9colte de patates. Sa  conception et sa r\u00e9alisation ont mis toutes les g\u00e9n\u00e9rations \u00e0 contribution. Lors de sa sortie, les adultes \u00e9taient  aux friteuses, les enfants \u00e0 la distribution des frites<\/figcaption>\n\t\t\t\t\t\t\t\t\t\t<\/figure>\n\t\t\t\t\t\t\t\t\t<\/div>\n\t\t\t\t<\/div>\n\t\t<div class=\"elementor-element elementor-element-e74635d e-con-full e-flex e-con e-child\" data-id=\"e74635d\" data-element_type=\"container\">\n\t\t<div class=\"elementor-element elementor-element-a8d973b e-con-full e-flex e-con e-child\" data-id=\"a8d973b\" data-element_type=\"container\">\n\t\t\t\t<div class=\"elementor-element elementor-element-bf9911c elementor-widget elementor-widget-image\" data-id=\"bf9911c\" data-element_type=\"widget\" data-widget_type=\"image.default\">\n\t\t\t\t\t\t\t\t\t\t\t\t\t\t\t<img loading=\"lazy\" decoding=\"async\" width=\"768\" height=\"1148\" src=\"https:\/\/ryelandt-j-b.be\/wp-content\/uploads\/2026\/01\/GEANT-des-BOSCAILLES-1-1200-768x1148.jpg\" class=\"attachment-medium_large size-medium_large wp-image-287\" alt=\"Les enfants costum\u00e9s en sacs de patates \u00e0 frites devant le g\u00e9ant\" srcset=\"https:\/\/ryelandt-j-b.be\/wp-content\/uploads\/2026\/01\/GEANT-des-BOSCAILLES-1-1200-768x1148.jpg 768w, https:\/\/ryelandt-j-b.be\/wp-content\/uploads\/2026\/01\/GEANT-des-BOSCAILLES-1-1200-201x300.jpg 201w, https:\/\/ryelandt-j-b.be\/wp-content\/uploads\/2026\/01\/GEANT-des-BOSCAILLES-1-1200-685x1024.jpg 685w, https:\/\/ryelandt-j-b.be\/wp-content\/uploads\/2026\/01\/GEANT-des-BOSCAILLES-1-1200.jpg 803w\" sizes=\"(max-width: 768px) 100vw, 768px\" \/>\t\t\t\t\t\t\t\t\t\t\t\t\t\t\t<\/div>\n\t\t\t\t<\/div>\n\t\t<div class=\"elementor-element elementor-element-d7e4568 e-con-full e-flex e-con e-child\" data-id=\"d7e4568\" data-element_type=\"container\">\n\t\t\t\t<div class=\"elementor-element elementor-element-2335993 elementor-widget elementor-widget-image\" data-id=\"2335993\" data-element_type=\"widget\" data-widget_type=\"image.default\">\n\t\t\t\t\t\t\t\t\t\t\t\t\t\t\t<img loading=\"lazy\" decoding=\"async\" width=\"300\" height=\"300\" src=\"https:\/\/ryelandt-j-b.be\/wp-content\/uploads\/2026\/01\/GEANT-des-BOSCAILLES-3-850-300x300.jpg\" class=\"attachment-medium size-medium wp-image-289\" alt=\"les chaussures-patates des enfants\" srcset=\"https:\/\/ryelandt-j-b.be\/wp-content\/uploads\/2026\/01\/GEANT-des-BOSCAILLES-3-850-300x300.jpg 300w, https:\/\/ryelandt-j-b.be\/wp-content\/uploads\/2026\/01\/GEANT-des-BOSCAILLES-3-850-150x150.jpg 150w, https:\/\/ryelandt-j-b.be\/wp-content\/uploads\/2026\/01\/GEANT-des-BOSCAILLES-3-850-768x768.jpg 768w, https:\/\/ryelandt-j-b.be\/wp-content\/uploads\/2026\/01\/GEANT-des-BOSCAILLES-3-850.jpg 850w\" sizes=\"(max-width: 300px) 100vw, 300px\" \/>\t\t\t\t\t\t\t\t\t\t\t\t\t\t\t<\/div>\n\t\t\t\t<\/div>\n\t\t\t\t<\/div>\n\t\t\t\t\t<\/div>\n\t\t\t\t<\/div>\n\t\t<div class=\"elementor-element elementor-element-1a7e5e6 e-flex e-con-boxed e-con e-parent\" data-id=\"1a7e5e6\" data-element_type=\"container\">\n\t\t\t\t\t<div class=\"e-con-inner\">\n\t\t\t\t<div class=\"elementor-element elementor-element-4daabc5 elementor-widget-divider--view-line elementor-widget elementor-widget-divider\" data-id=\"4daabc5\" data-element_type=\"widget\" data-widget_type=\"divider.default\">\n\t\t\t\t\t\t\t<div class=\"elementor-divider\">\n\t\t\t<span class=\"elementor-divider-separator\">\n\t\t\t\t\t\t<\/span>\n\t\t<\/div>\n\t\t\t\t\t\t<\/div>\n\t\t\t\t\t<\/div>\n\t\t\t\t<\/div>\n\t\t<div class=\"elementor-element elementor-element-7fefe0f e-flex e-con-boxed e-con e-parent\" data-id=\"7fefe0f\" data-element_type=\"container\">\n\t\t\t\t\t<div class=\"e-con-inner\">\n\t\t<div class=\"elementor-element elementor-element-9c8b439 e-con-full e-flex e-con e-child\" data-id=\"9c8b439\" data-element_type=\"container\">\n\t\t\t\t<div class=\"elementor-element elementor-element-09e53c6 elementor-widget elementor-widget-text-editor\" data-id=\"09e53c6\" data-element_type=\"widget\" data-widget_type=\"text-editor.default\">\n\t\t\t\t\t\t\t\t\t<div class=\"elementor-element elementor-element-9db0dd0 e-flex e-con-boxed e-con e-parent e-lazyloaded\" data-id=\"9db0dd0\" data-element_type=\"container\"><div class=\"e-con-inner\"><div class=\"elementor-element elementor-element-5084f45 elementor-widget elementor-widget-text-editor\" data-id=\"5084f45\" data-element_type=\"widget\" data-widget_type=\"text-editor.default\"><p>La cr\u00e9ation collective occupe une place centrale dans ma vie depuis une bonne trentaine d&rsquo;ann\u00e9es. <br \/>J&rsquo;y travaille et la pratique dans divers contextes. Cette page pr\u00e9sente des cr\u00e9ations collectives amateures auxquels j&rsquo;ai particip\u00e9 en tant qu&rsquo; \u00ab\u00a0artiste-animateur\u00a0\u00bb.<\/p><p>A contre-courant de la valorisation du g\u00e9nie artistique, de l\u2019excellence\u00a0 et de la raret\u00e9 qui ont servi la sp\u00e9culation et la privatisation de l&rsquo;expression artistique au d\u00e9triment de toutes les formes artistiques populaires et, finalement, de la plupart des artistes eux-m\u00eames, les Centres d&rsquo;Expression et de Cr\u00e9ativit\u00e9 soutiennent la pratique amateure et s&rsquo;activent \u00e0 la rendre accessible \u00e0 tous. Id\u00e9alement, dans un refus de toute forme d&rsquo;exclusion. Lorsque des propos personnels et des enjeux soci\u00e9taux prennent formes et s\u2019expriment, cela, a rapport avec nos vies, le r\u00e9el, l\u2019art et la d\u00e9mocratie.<\/p><p>Pour d\u00e9couvrir cette dynamique de co-cr\u00e9ation, je vous invite \u00e0 visiter la page \u00ab Projets \u00bb du site du Centre d\u2019Expression et de Cr\u00e9ativit\u00e9 Terre Franche.<\/p><\/div><\/div><\/div>\t\t\t\t\t\t\t\t<\/div>\n\t\t\t\t<\/div>\n\t\t<div class=\"elementor-element elementor-element-b310e41 e-con-full e-flex e-con e-child\" data-id=\"b310e41\" data-element_type=\"container\">\n\t\t\t\t<div class=\"elementor-element elementor-element-42f4191 elementor-widget elementor-widget-image\" data-id=\"42f4191\" data-element_type=\"widget\" data-widget_type=\"image.default\">\n\t\t\t\t\t\t\t\t\t\t\t\t<figure class=\"wp-caption\">\n\t\t\t\t\t\t\t\t\t\t\t<a href=\"https:\/\/terre-franche.be\/site2022\/index.php\/projets\/\" target=\"_blank\">\n\t\t\t\t\t\t\t<img loading=\"lazy\" decoding=\"async\" width=\"150\" height=\"150\" src=\"https:\/\/ryelandt-j-b.be\/wp-content\/uploads\/2026\/01\/logo-Terre-Franche-site-300-1-150x150.jpg\" class=\"attachment-thumbnail size-thumbnail wp-image-354\" alt=\"logo de Terre franche\" srcset=\"https:\/\/ryelandt-j-b.be\/wp-content\/uploads\/2026\/01\/logo-Terre-Franche-site-300-1-150x150.jpg 150w, https:\/\/ryelandt-j-b.be\/wp-content\/uploads\/2026\/01\/logo-Terre-Franche-site-300-1.jpg 300w\" sizes=\"(max-width: 150px) 100vw, 150px\" \/>\t\t\t\t\t\t\t\t<\/a>\n\t\t\t\t\t\t\t\t\t\t\t<figcaption class=\"widget-image-caption wp-caption-text\">Vers page PROJETS \/ site de Terre Franche<\/figcaption>\n\t\t\t\t\t\t\t\t\t\t<\/figure>\n\t\t\t\t\t\t\t\t\t<\/div>\n\t\t\t\t<\/div>\n\t\t\t\t\t<\/div>\n\t\t\t\t<\/div>\n\t\t<div class=\"elementor-element elementor-element-5c04d28 e-flex e-con-boxed e-con e-parent\" data-id=\"5c04d28\" data-element_type=\"container\">\n\t\t\t\t\t<div class=\"e-con-inner\">\n\t\t\t\t<div class=\"elementor-element elementor-element-5c969da elementor-align-center elementor-widget elementor-widget-button\" data-id=\"5c969da\" data-element_type=\"widget\" data-widget_type=\"button.default\">\n\t\t\t\t\t\t\t\t\t\t<a class=\"elementor-button elementor-button-link elementor-size-sm\" href=\"https:\/\/ryelandt-j-b.be\/\">\n\t\t\t\t\t\t<span class=\"elementor-button-content-wrapper\">\n\t\t\t\t\t\t\t\t\t<span class=\"elementor-button-text\">Retour page d'ACCUEIL<\/span>\n\t\t\t\t\t<\/span>\n\t\t\t\t\t<\/a>\n\t\t\t\t\t\t\t\t<\/div>\n\t\t\t\t\t<\/div>\n\t\t\t\t<\/div>\n\t\t\t\t<\/div>\n\t\t","protected":false},"excerpt":{"rendered":"<p>Notre ADN, l&rsquo;\u00e9chelle des \u00e9v\u00e9nements de nos vies Le monde du dessus et le monde du dessous Expo Bazar en suspensau Centre Culturel de Namur. Avec 140 artistes amateurs du collectif PAS \u00e0 PART qui rassemble les Centres d&rsquo;Expression et de Cr\u00e9ativit\u00e9 Terre Franche et Lutte Solidarit\u00e9 Travail (LST) Namur ainsi\u00a0 les ateliers artistiques de [&hellip;]<\/p>\n","protected":false},"author":1,"featured_media":0,"parent":0,"menu_order":0,"comment_status":"closed","ping_status":"closed","template":"","meta":{"footnotes":""},"class_list":["post-211","page","type-page","status-publish","hentry"],"_links":{"self":[{"href":"https:\/\/ryelandt-j-b.be\/index.php\/wp-json\/wp\/v2\/pages\/211","targetHints":{"allow":["GET"]}}],"collection":[{"href":"https:\/\/ryelandt-j-b.be\/index.php\/wp-json\/wp\/v2\/pages"}],"about":[{"href":"https:\/\/ryelandt-j-b.be\/index.php\/wp-json\/wp\/v2\/types\/page"}],"author":[{"embeddable":true,"href":"https:\/\/ryelandt-j-b.be\/index.php\/wp-json\/wp\/v2\/users\/1"}],"replies":[{"embeddable":true,"href":"https:\/\/ryelandt-j-b.be\/index.php\/wp-json\/wp\/v2\/comments?post=211"}],"version-history":[{"count":52,"href":"https:\/\/ryelandt-j-b.be\/index.php\/wp-json\/wp\/v2\/pages\/211\/revisions"}],"predecessor-version":[{"id":440,"href":"https:\/\/ryelandt-j-b.be\/index.php\/wp-json\/wp\/v2\/pages\/211\/revisions\/440"}],"wp:attachment":[{"href":"https:\/\/ryelandt-j-b.be\/index.php\/wp-json\/wp\/v2\/media?parent=211"}],"curies":[{"name":"wp","href":"https:\/\/api.w.org\/{rel}","templated":true}]}}